{"id":66,"date":"2012-11-15T14:13:00","date_gmt":"2012-11-15T12:13:00","guid":{"rendered":"http:\/\/gilde-alfred-delp.de\/cms\/?page_id=66"},"modified":"2024-03-06T20:54:41","modified_gmt":"2024-03-06T19:54:41","slug":"prinzipien","status":"publish","type":"page","link":"https:\/\/gilde-alfred-delp.de\/cms\/cartell-rupert-mayer\/prinzipien\/","title":{"rendered":"Beweggr\u00fcnde und Organisation"},"content":{"rendered":"<p style=\"text-align: justify;\"><strong>Beweggr\u00fcnde und Organisation<\/strong><\/p>\n<p style=\"text-align: justify;\">Zur Erinnerung an den wegen seines vorbildlichen Widerstandes in der Nazizeit verehrten M\u00fcnchener Jesuitenpaters Rupert Mayer, der 1987 selig gesprochen wurde, hat sich das Cartell diesen Namenspatron gew\u00e4hlt.<br \/>\nDieser Name steht f\u00fcr alle Freundeskreise als Aufforderung, sich mutig f\u00fcr die christlichen Werte einzusetzen und Zeugnis f\u00fcr unseren Glauben abzulegen.<\/p>\n<h2 style=\"text-align: justify;\">Das Cartell Rupert Mayer (CRM)<\/h2>\n<p style=\"text-align: justify;\">In Deutschland gibt es insgesamt 26 autonome Gruppen mit etwa 780 Mitgliedern.<br \/>\nZweimal im Jahr treffen sich alle Gruppen zum Erfahrungsaustausch und zur Abstimmung neuer Aktivit\u00e4ten.<br \/>\nDas Cartell koordiniert gruppen\u00fcbergreifend Aktivit\u00e4ten. Dazu geh\u00f6ren unter anderem Presseverlautbarungen zu gesellschaftsrelevanten Themen und die Durchf\u00fchrung der &#8222;Rupert Mayer Lectures&#8220;. Diese Vorlesungsreihe wurde im Jahre 2001 erstmals und in enger Zusammenarbeit mit der Philosophisch-Theologischen Hochschule Sankt Georgen in Frankfurt am Main durchgef\u00fchrt.<\/p>\n","protected":false},"excerpt":{"rendered":"<p>Beweggr\u00fcnde und Organisation Zur Erinnerung an den wegen seines vorbildlichen Widerstandes in der Nazizeit verehrten M\u00fcnchener Jesuitenpaters Rupert Mayer, der 1987 selig gesprochen wurde, hat sich das Cartell diesen Namenspatron gew\u00e4hlt. Dieser Name steht f\u00fcr alle Freundeskreise als Aufforderung, sich &hellip; <a href=\"https:\/\/gilde-alfred-delp.de\/cms\/cartell-rupert-mayer\/prinzipien\/\">Weiterlesen <span class=\"meta-nav\">&rarr;<\/span><\/a><\/p>\n","protected":false},"author":1,"featured_media":0,"parent":9,"menu_order":2,"comment_status":"open","ping_status":"open","template":"showcase.php","meta":{"footnotes":""},"class_list":["post-66","page","type-page","status-publish","hentry"],"_links":{"self":[{"href":"https:\/\/gilde-alfred-delp.de\/cms\/wp-json\/wp\/v2\/pages\/66","targetHints":{"allow":["GET"]}}],"collection":[{"href":"https:\/\/gilde-alfred-delp.de\/cms\/wp-json\/wp\/v2\/pages"}],"about":[{"href":"https:\/\/gilde-alfred-delp.de\/cms\/wp-json\/wp\/v2\/types\/page"}],"author":[{"embeddable":true,"href":"https:\/\/gilde-alfred-delp.de\/cms\/wp-json\/wp\/v2\/users\/1"}],"replies":[{"embeddable":true,"href":"https:\/\/gilde-alfred-delp.de\/cms\/wp-json\/wp\/v2\/comments?post=66"}],"version-history":[{"count":10,"href":"https:\/\/gilde-alfred-delp.de\/cms\/wp-json\/wp\/v2\/pages\/66\/revisions"}],"predecessor-version":[{"id":1138,"href":"https:\/\/gilde-alfred-delp.de\/cms\/wp-json\/wp\/v2\/pages\/66\/revisions\/1138"}],"up":[{"embeddable":true,"href":"https:\/\/gilde-alfred-delp.de\/cms\/wp-json\/wp\/v2\/pages\/9"}],"wp:attachment":[{"href":"https:\/\/gilde-alfred-delp.de\/cms\/wp-json\/wp\/v2\/media?parent=66"}],"curies":[{"name":"wp","href":"https:\/\/api.w.org\/{rel}","templated":true}]}}