{"id":233,"date":"2012-11-15T18:40:04","date_gmt":"2012-11-15T16:40:04","guid":{"rendered":"http:\/\/gilde-alfred-delp.de\/cms\/?page_id=233"},"modified":"2013-03-04T14:03:10","modified_gmt":"2013-03-04T13:03:10","slug":"planetarium","status":"publish","type":"page","link":"https:\/\/gilde-alfred-delp.de\/cms\/beispiel-seite\/cartellversammlung-2013\/orte-2\/planetarium\/","title":{"rendered":"Planetarium"},"content":{"rendered":"<p><strong>Planetarium Bochum<\/strong><\/p>\n<p style=\"text-align: justify;\">Das <b>Zeiss Planetarium Bochum<\/b>\u00a0wurde im Jahr 1964 errichtet und geh\u00f6rt seit dieser Zeit zu den modernsten Einrichtungen dieser Art weltweit. Unter der Kuppel mit einem Durchmesser von 20 Metern haben etwa 260 Personen Platz. Ein zentraler Projektor wirft ein Bild des Sternenhimmels unter das Kuppeldach, so dass f\u00fcr die Betrachter ein realistischer Himmelseindruck entsteht. Um den Projektionssaal herum befindet sich ein umlaufender Gang, in dem Dauer- und Wechselausstellungen untergebracht werden.<\/p>\n<p style=\"text-align: justify;\">Am 4. Mai 2010 wurde das Planetarium nach einer 4-monatigen Umbauphase neu er\u00f6ffnet. Es ist das weltweit erste Planetarium mit Velvet-<a title=\"FullDome (Seite nicht vorhanden)\" href=\"http:\/\/de.wikipedia.org\/w\/index.php?title=FullDome&amp;action=edit&amp;redlink=1\">FullDome<\/a>-Projektion. Zum ersten Mal wurde die Musik komplett extra produziert (SOUNTH, Tim Heinrich) und teilweise sogar mit dem Babelsberger Filmorchester aufgenommen.<\/p>\n<p style=\"text-align: justify;\">Es ist das bisher einzige Planetarium, das f\u00fcr die Neuer\u00f6ffnung f\u00fcnf neue Shows entwickelt hat.<\/p>\n<p style=\"text-align: justify;\">Neben normalen astronomischen Planetariumsvorf\u00fchrungen werden auch regelm\u00e4\u00dfig Sonderveranstaltungen sowie spezielle Musik-Shows angeboten.<\/p>\n<p style=\"text-align: justify;\">Der Freundeskreis Planetarium Bochum unterst\u00fctzt die Arbeit des Planetariums finanziell. Dabei handelt es sich um einen Verein, welcher neben normalen Mitgliedschaften auch Sternenpatenschaften f\u00fcr die Sterne des Planetariums anbietet.<\/p>\n","protected":false},"excerpt":{"rendered":"<p>Planetarium Bochum Das Zeiss Planetarium Bochum\u00a0wurde im Jahr 1964 errichtet und geh\u00f6rt seit dieser Zeit zu den modernsten Einrichtungen dieser Art weltweit. Unter der Kuppel mit einem Durchmesser von 20 Metern haben etwa 260 Personen Platz. Ein zentraler Projektor wirft &hellip; <a href=\"https:\/\/gilde-alfred-delp.de\/cms\/beispiel-seite\/cartellversammlung-2013\/orte-2\/planetarium\/\">Weiterlesen <span class=\"meta-nav\">&rarr;<\/span><\/a><\/p>\n","protected":false},"author":1,"featured_media":0,"parent":211,"menu_order":15,"comment_status":"open","ping_status":"open","template":"showcase.php","meta":{"footnotes":""},"class_list":["post-233","page","type-page","status-publish","hentry"],"_links":{"self":[{"href":"https:\/\/gilde-alfred-delp.de\/cms\/wp-json\/wp\/v2\/pages\/233","targetHints":{"allow":["GET"]}}],"collection":[{"href":"https:\/\/gilde-alfred-delp.de\/cms\/wp-json\/wp\/v2\/pages"}],"about":[{"href":"https:\/\/gilde-alfred-delp.de\/cms\/wp-json\/wp\/v2\/types\/page"}],"author":[{"embeddable":true,"href":"https:\/\/gilde-alfred-delp.de\/cms\/wp-json\/wp\/v2\/users\/1"}],"replies":[{"embeddable":true,"href":"https:\/\/gilde-alfred-delp.de\/cms\/wp-json\/wp\/v2\/comments?post=233"}],"version-history":[{"count":4,"href":"https:\/\/gilde-alfred-delp.de\/cms\/wp-json\/wp\/v2\/pages\/233\/revisions"}],"predecessor-version":[{"id":707,"href":"https:\/\/gilde-alfred-delp.de\/cms\/wp-json\/wp\/v2\/pages\/233\/revisions\/707"}],"up":[{"embeddable":true,"href":"https:\/\/gilde-alfred-delp.de\/cms\/wp-json\/wp\/v2\/pages\/211"}],"wp:attachment":[{"href":"https:\/\/gilde-alfred-delp.de\/cms\/wp-json\/wp\/v2\/media?parent=233"}],"curies":[{"name":"wp","href":"https:\/\/api.w.org\/{rel}","templated":true}]}}