{"id":231,"date":"2012-11-15T18:37:59","date_gmt":"2012-11-15T16:37:59","guid":{"rendered":"http:\/\/gilde-alfred-delp.de\/cms\/?page_id=231"},"modified":"2013-03-04T13:55:32","modified_gmt":"2013-03-04T12:55:32","slug":"situation-kunst-sammlung-der-ruhr-universitat-bochum","status":"publish","type":"page","link":"https:\/\/gilde-alfred-delp.de\/cms\/beispiel-seite\/cartellversammlung-2013\/orte-2\/situation-kunst-sammlung-der-ruhr-universitat-bochum\/","title":{"rendered":"Situation Kunst (Sammlung der Ruhr-Universit\u00e4t Bochum)"},"content":{"rendered":"<p><strong>Situation Kunst (f\u00fcr Max Imdahl)<\/strong><\/p>\n<p style=\"text-align: justify;\"><!-- \/jumpto --><!-- bodycontent --><\/p>\n<div dir=\"ltr\" id=\"mw-content-text\" lang=\"de\">\n<p style=\"text-align: justify;\">Die <b>Situation Kunst\u00a0<\/b>ist ein Museum im Park von <a title=\"Haus Weitmar\" href=\"http:\/\/de.wikipedia.org\/wiki\/Haus_Weitmar\">Haus Weitmar<\/a> in <a title=\"Bochum-Weitmar\" href=\"http:\/\/de.wikipedia.org\/wiki\/Bochum-Weitmar\">Bochum-Weitmar<\/a> mit einer Dauerausstellung bedeutender Werke der Gegenwartskunst. Das Geb\u00e4udeensemble ist so konzipiert, dass sich Kunst, Architektur und Natur dialogisch aufeinander beziehen.<\/p>\n<p style=\"text-align: justify;\">Das Projekt wurde 1988-1990 auf Initiative von Alexander von Berswordt-Wallrabe in Erinnerung an den Gr\u00fcndungsordinarius des Kunstgeschichtlichen Instituts der Ruhr-Universit\u00e4t Bochum, Prof. Dr. <a title=\"Max Imdahl\" href=\"http:\/\/de.wikipedia.org\/wiki\/Max_Imdahl\">Max Imdahl<\/a> (1925-1988), errichtet. In eigens f\u00fcr die Kunstwerke konzipierten Geb\u00e4udepavillons \u2013 entworfen vom Architekten Peter Forth \u2013 sind Gem\u00e4lde, Zeichnungen, und skulpturale Objekte von <a title=\"Gotthard Graubner\" href=\"http:\/\/de.wikipedia.org\/wiki\/Gotthard_Graubner\">Gotthard Graubner<\/a>, <a title=\"Norbert Kricke\" href=\"http:\/\/de.wikipedia.org\/wiki\/Norbert_Kricke\">Norbert Kricke<\/a>, <a title=\"Arnulf Rainer\" href=\"http:\/\/de.wikipedia.org\/wiki\/Arnulf_Rainer\">Arnulf Rainer<\/a> und <a title=\"Jan Schoonhoven\" href=\"http:\/\/de.wikipedia.org\/wiki\/Jan_Schoonhoven\">Jan Schoonhoven<\/a> zu besichtigen. Einen besonderen Schwerpunkt der Anlage bilden die Environments von <a title=\"Richard Serra\" href=\"http:\/\/de.wikipedia.org\/wiki\/Richard_Serra\">Richard Serra<\/a>, <a title=\"Maria Nordman (Seite nicht vorhanden)\" href=\"http:\/\/de.wikipedia.org\/w\/index.php?title=Maria_Nordman&amp;action=edit&amp;redlink=1\">Maria Nordman<\/a> und <a title=\"David Rabinowitch (Seite nicht vorhanden)\" href=\"http:\/\/de.wikipedia.org\/w\/index.php?title=David_Rabinowitch&amp;action=edit&amp;redlink=1\">David Rabinowitch<\/a>.<\/p>\n<p style=\"text-align: justify;\">Situation Kunst (f\u00fcr Max Imdahl) wurde 1991 den <a title=\"Kunstsammlungen der Ruhr-Universit\u00e4t Bochum\" href=\"http:\/\/de.wikipedia.org\/wiki\/Kunstsammlungen_der_Ruhr-Universit%C3%A4t_Bochum\">Kunstsammlungen der Ruhr-Universit\u00e4t Bochum<\/a> angegliedert. Im September 2006 wurden die Ausstellungsfl\u00e4chen von Situation Kunst Errichtung eines neuen Geb\u00e4udes nahezu verdoppelt (bauliche Umsetzung: SOAN Architekten aus Bochum). Der neue, von Alexander und Silke von Berswordt-Wallrabe konzipierte Sammlungskomplex umfasst eine Licht-Raum-Installation von <a title=\"Gianni Colombo\" href=\"http:\/\/de.wikipedia.org\/wiki\/Gianni_Colombo\">Gianni Colombo<\/a>, zwei Neonskulpturen von <a title=\"Dan Flavin\" href=\"http:\/\/de.wikipedia.org\/wiki\/Dan_Flavin\">Dan Flavin<\/a>, malerische und skulpturale Arbeiten von <a title=\"Lee Ufan\" href=\"http:\/\/de.wikipedia.org\/wiki\/Lee_Ufan\">Lee Ufan<\/a>, eine Neon-Raum-Installation von <a title=\"Fran\u00e7ois Morellet\" href=\"http:\/\/de.wikipedia.org\/wiki\/Fran%C3%A7ois_Morellet\">Fran\u00e7ois Morellet<\/a>, Werke von <a title=\"Dirk Reinartz\" href=\"http:\/\/de.wikipedia.org\/wiki\/Dirk_Reinartz\">Dirk Reinartz<\/a>, <a title=\"Robert Ryman\" href=\"http:\/\/de.wikipedia.org\/wiki\/Robert_Ryman\">Robert Ryman<\/a>, <a title=\"Ad Reinhardt\" href=\"http:\/\/de.wikipedia.org\/wiki\/Ad_Reinhardt\">Ad Reinhardt<\/a> sowie weitere Arbeiten von Arnulf Rainer, Jan J. Schoonhoven und Richard Serra.<\/p>\n<p style=\"text-align: justify;\">Daneben wurde die Sammlung der zeitgen\u00f6ssischen Kunst um au\u00dfereurop\u00e4ische Objekte vergangener Epochen erweitert. In einem eigenen Raum werden Bronze-, Stein-, und Tonskulpturen der Nok, Sokoto, Esie, Benin, Ife und Tada pr\u00e4sentiert. Dieser Teil der Sammlung steht unter Schirmherrschaft des ehemaligen Botschafters der Bundesrepublik Nigeria in der Bundesrepublik Deutschland.<\/p>\n<p style=\"text-align: justify;\">Ein weiterer Raum beherbergt eine Sammlung von Skulpturen, Keramiken und Thangkas aus Asien. Die Spannweite reicht dabei von neolithischen Keramiken und Jadearbeiten aus China \u00fcber buddhistische und hinduistische Skulpturen der Khmer, Buddha-Statuen aus Thailand, China, Indien bis hin zu japanischen Holzskulpturen und tibetanischen Rollbildern (Thangkas).<\/p>\n<p style=\"text-align: justify;\">Situation Kunst bewahrt au\u00dferdem das Archiv des kompletten wissenschaftlichen Nachlasses von Max Imdahl sowie ein umfangreiches Video-Archiv mit Feature-Filmen \u00fcber Gegenwartskunst.<\/p>\n<p style=\"text-align: justify;\">Im Mai 2010 wurde ein weiteres Ausstellungs- und Veranstaltungsgeb\u00e4ude inmitten der Ruinen des im Zweiten Weltkrieg zerst\u00f6rten Haus Weitmar fertiggestellt: der sogenannte Kubus. Der Kubus war ein Projekt im Rahmen der <a title=\"RUHR.2010 \u2013 Kulturhauptstadt Europas\" href=\"http:\/\/de.wikipedia.org\/wiki\/RUHR.2010_%E2%80%93_Kulturhauptstadt_Europas\">RUHR.2010 \u2013 Kulturhauptstadt Europas<\/a> und wurde nach den Pl\u00e4nen der Architekten Pfeiffer, Ellermann und Preckel aus M\u00fcnster errichtet. <sup id=\"cite_ref-1\"><a href=\"http:\/\/de.wikipedia.org\/wiki\/Situation_Kunst#cite_note-1\">[1]<\/a><\/sup> Seither finden im Kubus Wechselausstellungen sowie wissenschaftliche und kulturelle Veranstaltungen statt. Das international und interdisziplin\u00e4r ausgerichtete Programm wird im Wesentlichen von der Stiftung Situation Kunst gestaltet, in Zusammenarbeit mit verschiedenen Instituten der Ruhr-Universit\u00e4t Bochum.<\/p>\n<p style=\"text-align: justify;\">Das museale Ensemble wird vom Institut f\u00fcr Kunstgeschichte sowie seit 2006 insbesondere im Bereich der Wechselausstellungen und Sonderveranstaltungen von der gemeinn\u00fctzigen Stiftung Situation Kunst als Teil der Kunstsammlungen der Ruhr-Universit\u00e4t Bochum betrieben. Der F\u00f6rderverein Situation Kunst-Haus Weitmar e.V. unterst\u00fctzt deren Projekte und Veranstaltungen, die zum einen der Ausbildung von Studierenden der Ruhr-Universit\u00e4t Bochum dienen und sich zum anderen an eine interessierte allgemeine \u00d6ffentlichkeit richten.<\/p>\n<p>wikipedia<\/p>\n<\/div>\n","protected":false},"excerpt":{"rendered":"<p>Situation Kunst (f\u00fcr Max Imdahl) Die Situation Kunst\u00a0ist ein Museum im Park von Haus Weitmar in Bochum-Weitmar mit einer Dauerausstellung bedeutender Werke der Gegenwartskunst. Das Geb\u00e4udeensemble ist so konzipiert, dass sich Kunst, Architektur und Natur dialogisch aufeinander beziehen. Das Projekt &hellip; <a href=\"https:\/\/gilde-alfred-delp.de\/cms\/beispiel-seite\/cartellversammlung-2013\/orte-2\/situation-kunst-sammlung-der-ruhr-universitat-bochum\/\">Weiterlesen <span class=\"meta-nav\">&rarr;<\/span><\/a><\/p>\n","protected":false},"author":1,"featured_media":0,"parent":211,"menu_order":11,"comment_status":"open","ping_status":"open","template":"showcase.php","meta":{"footnotes":""},"class_list":["post-231","page","type-page","status-publish","hentry"],"_links":{"self":[{"href":"https:\/\/gilde-alfred-delp.de\/cms\/wp-json\/wp\/v2\/pages\/231","targetHints":{"allow":["GET"]}}],"collection":[{"href":"https:\/\/gilde-alfred-delp.de\/cms\/wp-json\/wp\/v2\/pages"}],"about":[{"href":"https:\/\/gilde-alfred-delp.de\/cms\/wp-json\/wp\/v2\/types\/page"}],"author":[{"embeddable":true,"href":"https:\/\/gilde-alfred-delp.de\/cms\/wp-json\/wp\/v2\/users\/1"}],"replies":[{"embeddable":true,"href":"https:\/\/gilde-alfred-delp.de\/cms\/wp-json\/wp\/v2\/comments?post=231"}],"version-history":[{"count":6,"href":"https:\/\/gilde-alfred-delp.de\/cms\/wp-json\/wp\/v2\/pages\/231\/revisions"}],"predecessor-version":[{"id":702,"href":"https:\/\/gilde-alfred-delp.de\/cms\/wp-json\/wp\/v2\/pages\/231\/revisions\/702"}],"up":[{"embeddable":true,"href":"https:\/\/gilde-alfred-delp.de\/cms\/wp-json\/wp\/v2\/pages\/211"}],"wp:attachment":[{"href":"https:\/\/gilde-alfred-delp.de\/cms\/wp-json\/wp\/v2\/media?parent=231"}],"curies":[{"name":"wp","href":"https:\/\/api.w.org\/{rel}","templated":true}]}}