{"id":225,"date":"2012-11-15T17:35:11","date_gmt":"2012-11-15T16:35:11","guid":{"rendered":"http:\/\/gilde-alfred-delp.de\/cms\/?page_id=225"},"modified":"2013-03-04T13:24:40","modified_gmt":"2013-03-04T12:24:40","slug":"st-josefs-hospital","status":"publish","type":"page","link":"https:\/\/gilde-alfred-delp.de\/cms\/beispiel-seite\/cartellversammlung-2013\/orte-2\/st-josefs-hospital\/","title":{"rendered":"St. Josef-Hospital"},"content":{"rendered":"<p><strong>St. Josef-Hospital<\/strong><\/p>\n<p style=\"text-align: justify;\">Das St. Josef-Hospital, das seinen Namen dem Schutzpatron, dem Heiligen Josef, verdankt, ist die gr\u00f6\u00dfte Klinik im Verbund des 2004 gegr\u00fcndeten\u00a0<a href=\"http:\/\/www.klinikum-bochum.de\/\">Katholischen Klinikums Bochum gGmbH<\/a>.<\/p>\n<p style=\"text-align: justify;\"><img loading=\"lazy\" decoding=\"async\" class=\"alignright\" id=\"fancybox-img\" alt=\"\" src=\"http:\/\/www.medlands-ruhr.de\/de\/files\/2012\/08\/P1030824.jpg\" width=\"360\" height=\"480\" \/><\/p>\n<p style=\"text-align: justify;\">Am 25. Mai 1911 erfolgte die Grundsteinlegung zum Bau des Krankenhauses, das bereits am 15. November desselben Jahres er\u00f6ffnet wurde. Im Zuge der industriellen Entwicklung stieg die Bev\u00f6lkerung Bochums stark an. Das Krankenhaus wurde in der folgenden Zeit st\u00e4ndig vergr\u00f6\u00dfert. 1983 kam die damalige Landeskinderklinik (bis dahin zugeh\u00f6rig zum Landschaftsverband Westfalen-Lippe) ebenfalls unter das Dach des St. Josef-Hospitals.<\/p>\n<p style=\"text-align: justify;\">In der Kapelle treffen wir und Freitag, Samstag und Sonntag zum Morgenlob (09:00 Uhr). Sie wurde farblich von unseren Gildefreunden Gerd-Bernd und Christian Mohr gestaltet.<\/p>\n<p>&nbsp;<\/p>\n","protected":false},"excerpt":{"rendered":"<p>St. Josef-Hospital Das St. Josef-Hospital, das seinen Namen dem Schutzpatron, dem Heiligen Josef, verdankt, ist die gr\u00f6\u00dfte Klinik im Verbund des 2004 gegr\u00fcndeten\u00a0Katholischen Klinikums Bochum gGmbH. Am 25. Mai 1911 erfolgte die Grundsteinlegung zum Bau des Krankenhauses, das bereits am &hellip; <a href=\"https:\/\/gilde-alfred-delp.de\/cms\/beispiel-seite\/cartellversammlung-2013\/orte-2\/st-josefs-hospital\/\">Weiterlesen <span class=\"meta-nav\">&rarr;<\/span><\/a><\/p>\n","protected":false},"author":1,"featured_media":0,"parent":211,"menu_order":4,"comment_status":"open","ping_status":"open","template":"showcase.php","meta":{"footnotes":""},"class_list":["post-225","page","type-page","status-publish","hentry"],"_links":{"self":[{"href":"https:\/\/gilde-alfred-delp.de\/cms\/wp-json\/wp\/v2\/pages\/225","targetHints":{"allow":["GET"]}}],"collection":[{"href":"https:\/\/gilde-alfred-delp.de\/cms\/wp-json\/wp\/v2\/pages"}],"about":[{"href":"https:\/\/gilde-alfred-delp.de\/cms\/wp-json\/wp\/v2\/types\/page"}],"author":[{"embeddable":true,"href":"https:\/\/gilde-alfred-delp.de\/cms\/wp-json\/wp\/v2\/users\/1"}],"replies":[{"embeddable":true,"href":"https:\/\/gilde-alfred-delp.de\/cms\/wp-json\/wp\/v2\/comments?post=225"}],"version-history":[{"count":9,"href":"https:\/\/gilde-alfred-delp.de\/cms\/wp-json\/wp\/v2\/pages\/225\/revisions"}],"predecessor-version":[{"id":692,"href":"https:\/\/gilde-alfred-delp.de\/cms\/wp-json\/wp\/v2\/pages\/225\/revisions\/692"}],"up":[{"embeddable":true,"href":"https:\/\/gilde-alfred-delp.de\/cms\/wp-json\/wp\/v2\/pages\/211"}],"wp:attachment":[{"href":"https:\/\/gilde-alfred-delp.de\/cms\/wp-json\/wp\/v2\/media?parent=225"}],"curies":[{"name":"wp","href":"https:\/\/api.w.org\/{rel}","templated":true}]}}