{"id":22,"date":"2012-11-10T19:04:18","date_gmt":"2012-11-10T17:04:18","guid":{"rendered":"http:\/\/gilde-alfred-delp.de\/cms\/?page_id=22"},"modified":"2025-01-05T11:42:57","modified_gmt":"2025-01-05T10:42:57","slug":"impressum-kontakt","status":"publish","type":"page","link":"https:\/\/gilde-alfred-delp.de\/cms\/impressum-kontakt\/","title":{"rendered":"Impressum \/ Datenschutz gem. DSVGO \/ Rechtliches"},"content":{"rendered":"<p><strong>Impressum<\/strong><br \/>\nGilde Alfred Delp<br \/>\nDer Vorsitzende<br \/>\nRolf Giese<br \/>\n<a dir=\"ltr\" href=\"x-apple-data-detectors:\/\/4\/0\">Aloysiusstr. 2B<\/a><br \/>\n<a dir=\"ltr\" href=\"x-apple-data-detectors:\/\/4\/0\">44795 Bochum<\/a><br \/>\nrolfgi@web.de<br \/>\n<a href=\"http:\/\/www.gilde-alfred-delp.de\/\">www.gilde-alfred-delp.de<br \/>\n<\/a><a href=\"mailto:info@gilde-alfed-delp.de\">info@gilde-alfed-delp.de<\/a><\/p>\n<p>===<\/p>\n<p><strong>Bankkonto<\/strong><br \/>\nCommerzbank AG Bochum (430 400 36)<br \/>\nKto.-Nr.: 2 139 194 00<br \/>\nIBAN: DE98 4304 0036 0213 9194 00<br \/>\nBIC: COBADEFFXXX<\/p>\n<h2>\u00a0===<\/h2>\n<p class=\"s3\"><span class=\"s2\"><b>Datenschutzerkl\u00e4rung und Informationspflichten nach DSGVO<\/b><\/span><\/p>\n<p class=\"s4\">Datenschutz und der Schutz Ihrer personenbezogenen Daten hat f\u00fcr uns oberste Priorit\u00e4t. Wir informieren Sie nachfolgend \u00fcber die Verarbeitung Ihrer personenbezogenen Daten auf unserer Internetseite. Die Verarbeitung personenbezogener Daten erfolgt im Einklang mit den Vorschriften des bis zum 24.05.2018 geltenden Bundesdatenschutzgesetzes (BDSG), des Telemediengesetzes (TMG) und der ab dem 25.05.2018 geltenden Datenschutz-Grundverordnung (DSGVO) sowie dem neuen Bundesdatenschutzgesetz (BDSG-neu).<\/p>\n<div class=\"s7\"><strong><span class=\"s5\">1. <\/span><span class=\"s6\">Name und Anschrift des Verantwortlichen<\/span><\/strong><\/div>\n<p class=\"s4\">Gilde Alfred Delp<\/p>\n<p class=\"s4\">vertreten durch den Vorsitzenden:<br \/>\nRolf Giese<br \/>\n<a dir=\"ltr\" href=\"x-apple-data-detectors:\/\/4\/0\">Aloysiusstr. 2B<\/a><br \/>\n<a dir=\"ltr\" href=\"x-apple-data-detectors:\/\/4\/0\">44795 Bochum<\/a><\/p>\n<div class=\"s7\"><strong><span class=\"s5\">2. <\/span><span class=\"s6\">Verarbeitung personenbezogener Daten auf unserer Internetseite<\/span><\/strong><\/div>\n<div><\/div>\n<div class=\"s7\"><span class=\"s8\">2.1. <\/span><span class=\"s8\">Bereitstellung der Website und Erstellung von Logfiles<\/span><\/div>\n<p class=\"s9\">F\u00fcr den blo\u00dfen Besuch unserer Internetseite und den Abruf der dort enthaltenen Informationen ist es nicht erforderlich, dass Sie personenbezogene Daten mitteilen.<\/p>\n<p class=\"s9\">Wir erheben und verwenden w\u00e4hrend Ihres Besuchs unserer Internetseite nur Daten, die uns Ihr Internetbrowser automatisch \u00fcbermittelt:<\/p>\n<p class=\"s10\">\u2022 Datum und Uhrzeit des Abrufs einer unserer Internetseiten<br \/>\n\u2022 Ihren Browsertyp<br \/>\n\u2022 Ihre Browsereinstellungen<br \/>\n\u2022 Ihre IP-Adresse<br \/>\n\u2022 die von Ihnen besuchten Seiten<\/p>\n<p class=\"s9\">Diese Daten nutzen wir, um Ihnen den Besuch unserer Seite technisch zu erm\u00f6glichen. Des Weiteren nutzen wir diese Daten zu statistischen Zwecken und um unsere Internetseite im Design und Layout zu verbessern. Die IP-Adresse speichern wir zu Zwecken der Gew\u00e4hrleistung und Aufrechterhaltung der IT-Sicherheit (z.B. Erkennung und Abwehr von sog. DOS-Angriffen) und der Funktionsf\u00e4higkeit.<\/p>\n<p class=\"s4\">Rechtsgrundlage f\u00fcr die vor\u00fcbergehende Speicherung der Daten ist Art. 6 Abs. 1 Buchst. f DSGVO.<\/p>\n<div class=\"s11\"><span class=\"s8\">2.2. <\/span><span class=\"s8\">Personenbezogene Daten<\/span><span class=\"s8\"> Formulare<\/span><\/div>\n<p class=\"s9\">Personenbezogene Daten werden nur erfasst, wenn Sie diese freiwillig im Rahmen einer Kontaktanfrage angeben.<\/p>\n<div class=\"s11\"><span class=\"s8\">2.3. <\/span><span class=\"s8\">Kontaktformular<\/span><\/div>\n<p class=\"s9\">Bei Nutzung dieser M\u00f6glichkeit, \u00a0werden die in der Eingabemaske eingegebenen Daten an uns \u00fcbermittelt und gespeichert. Folgende Daten werden erhoben:<\/p>\n<p class=\"s3\">Firma<\/p>\n<p class=\"s3\">Name<\/p>\n<p class=\"s3\">Nachname<br \/>\nEmailadresse<\/p>\n<p class=\"s3\">Telefon-Nr.<\/p>\n<p class=\"s9\">F\u00fcr die Verarbeitung der Daten wird im Rahmen desSendevorgangs ggf. Ihre Einwilligung eingeholt und auf dieseDatenschutzerkl\u00e4rung verwiesen.<\/p>\n<p class=\"s9\">Die durch das Formular versendeten Daten werden verschl\u00fcsselt an uns \u00fcbertragen.<\/p>\n<p class=\"s9\">Alternativ ist eine Kontaktaufnahme \u00fcber die bereitgestellte E-Mail-Adresse m\u00f6glich. In diesem Fall werden die mit der E-Mail \u00fcbermittelten personenbezogenen Daten des Nutzers gespeichert.<\/p>\n<div class=\"s11\"><span class=\"s8\">2.4. <\/span><span class=\"s8\">Zweck<\/span><span class=\"s8\">e<\/span><span class=\"s8\"> und <\/span><span class=\"s8\">Rechtsgrundlage<\/span><span class=\"s8\">n<\/span><span class=\"s8\"> f\u00fcr die Datenverarbeitung <\/span><\/div>\n<p class=\"s9\">Die Verarbeitung der personenbezogenen Daten aus der Eingabemaske dient uns allein zur Bearbeitung der Kontaktaufnahme. Im Falle einer Kontaktaufnahme per E-Mail liegt hieran auch das erforderliche berechtigte Interesse an der Verarbeitung der Daten.<\/p>\n<p class=\"s9\">Rechtsgrundlage f\u00fcr die Verarbeitung der Daten, die im Zuge einer \u00dcbersendung einer E-Mail \u00fcbermittelt werden, ist Art.\u00a06 Abs.\u00a01 Buchst. \u00a0f DSGVO. Zielt der E-Mail-Kontakt auf den Abschluss eines Vertrages ab, so ist zus\u00e4tzliche Rechtsgrundlage f\u00fcr die Verarbeitung Art.\u00a06 Abs.\u00a01 Buchst.\u00a0b DSGVO.<\/p>\n<div class=\"s11\"><span class=\"s8\">2.5. <\/span><span class=\"s8\">Dauer der Speicherung<\/span><\/div>\n<p class=\"s9\">Kontaktformular: Entf\u00e4llt der Zweck zur Speicherung der Daten, werden die personenbezogenen Daten gesperrt oder gel\u00f6scht, solange gesetzliche Aufbewahrungspflichten dem nicht entgegenstehen.<\/p>\n<div class=\"s7\"><span class=\"s8\">2.6. <\/span><span class=\"s8\">Empf\u00e4nger oder Kategorien von Empf\u00e4nger der Daten (sofern eine Daten\u00fcbermittlung stattfindet)<\/span><\/div>\n<p class=\"s4\">Innerhalb des Unternehmens erhalten diejenigen Abteilungen Ihre Daten, die diese zur Erf\u00fcllung Ihrer Anfrage ben\u00f6tigen.<\/p>\n<div class=\"s7\"><span class=\"s8\">2.7. <\/span><span class=\"s8\">Hinweise auf die Rechte der Betroffenen<\/span><\/div>\n<p class=\"s4\">Jeder betroffenen Person stehen folgende Datenschutzreche nach der DSGVO zu:<\/p>\n<p class=\"s4\">\u2022 Recht auf Auskunft nach Art. 15 DSGVO<\/p>\n<p class=\"s4\">\u2022 Recht zur Berichtigung unrichtiger Daten nach Art. 16 DSGVO<\/p>\n<p class=\"s4\">\u2022 Recht auf L\u00f6schung nach Art. 17 DSGVO<\/p>\n<p class=\"s4\">\u2022 Recht auf Einschr\u00e4nkung der Verarbeitung nach Art. 18 DSGVO<\/p>\n<p class=\"s4\">\u2022 Recht auf Daten\u00fcbertragbarkeit nach Art. 20 DSGVO<\/p>\n<p class=\"s4\">\u2022 Recht auf Widerspruch nach Art. 21 DSGVO<\/p>\n<p class=\"s4\">Zur Aus\u00fcbung Ihrer o.a. Rechte sowie dem Widerruf einer erteilten Einwilligung wenden Sie sich bitte an die im Impressum angegebene E-Mail Adresse.<\/p>\n<p class=\"s4\">Sie haben das Recht auf Beschwerde bei einer Aufsichtsbeh\u00f6rde. Sie k\u00f6nnen dieses Recht bei einer Aufsichtsbeh\u00f6rde in dem Mitgliedstaat Ihres Aufenthaltsorts, ihres Arbeitsplatzes, oder des Orts des mutma\u00dflichen Versto\u00dfes geltend machen.<\/p>\n<p class=\"s4\">Bevor Sie sich mit einer Beschwerde an die zust\u00e4ndige Aufsichtsbeh\u00f6rde wenden, m\u00f6chten wir Sie bitten, diese Angelegenheit mit unserem Datenschutzbeauftragten zu kl\u00e4ren.<\/p>\n<div class=\"s7\"><span class=\"s8\">2.8. <\/span><span class=\"s8\">Geplante Daten\u00fcbermittlung in Drittstaaten<\/span><\/div>\n<p class=\"s4\">Derzeit findet keine Daten\u00fcbermittlung in Drittstaaten statt und ist auch zuk\u00fcnftig nicht geplant.<\/p>\n<div class=\"s7\"><strong><span class=\"s5\">3. <\/span><span class=\"s6\">Einsatz von Cookies<\/span><\/strong><\/div>\n<p class=\"s4\">Auf unserer Internetseite setzen wir sogenannte \u201eCookies\u201c ein. Hierbei handelt es sich um kleine Textdateien, die von unserem Webserver an Ihren Computer gesendet werden, um diesen f\u00fcr die Dauer des Besuchs zu identifizieren. \u00dcber diese Cookies erfassen wir keine personenbezogenen Daten.<\/p>\n<p class=\"s4\">Die Darstellung unserer Internetseite ist auch ohne die Speicherung von Cookies m\u00f6glich. Sie k\u00f6nnen das Speichern von Cookies in den Einstellungen Ihres Browser deaktivieren oder diesen so einstellen, dass er Sie \u00fcber die beabsichtigte Speicherung durch eine Internetseite informiert. In diesem Fall entscheiden Sie \u00fcber die Annahme des Cookies. F\u00fcr den vollen Funktionsumfang unserer Internetseite ist es allerdings aus technischen Gr\u00fcnden erforderlich, die tempor\u00e4ren Cookies vollst\u00e4ndig zuzulassen.<\/p>\n<div class=\"s7\"><strong><span class=\"s5\">4. <\/span><span class=\"s6\">Google Analytics<\/span><\/strong><\/div>\n<p class=\"s4\">Diese Website benutzt Google Analytics, einen Webanalysedienst der Google Inc. (\u201cGoogle\u201d). Google Analytics verwendet sog. \u201cCookies\u201d, Textdateien, die auf Ihrem Computer sowie mobilen Endger\u00e4t gespeichert werden und die eine Analyse der Benutzung der Website durch Sie erm\u00f6glichen. Die durch den Cookie erzeugten Informationen \u00fcber Ihre Benutzung dieser Website (einschlie\u00dflich Ihrer IP-Adresse) wird an einen Server von Google in den USA \u00fcbertragen und dort gespeichert.<\/p>\n<p class=\"s4\">Google wird diese Informationen benutzen, um Ihre Nutzung der Website auszuwerten, um Reports \u00fcber die Websiteaktivit\u00e4ten f\u00fcr die Websitebetreiber zusammenzustellen und um weitere mit der Websitenutzung und der Internetnutzung verbundene Dienstleistungen zu erbringen. Auch wird Google diese Informationen gegebenenfalls an Dritte \u00fcbertragen, sofern dies gesetzlich vorgeschrieben oder soweit Dritte diese Daten im Auftrag von Google verarbeiten.<\/p>\n<p class=\"s4\">Google wird in keinem Fall Ihre IP-Adresse mit anderen Daten von Google in Verbindung bringen. Sie k\u00f6nnen die Installation der Cookies durch eine entsprechende Einstellung Ihrer Browser Software verhindern; wir weisen Sie jedoch darauf hin, dass Sie in diesem Fall gegebenenfalls nicht s\u00e4mtliche Funktionen dieser Website vollumf\u00e4nglich nutzen k\u00f6nnen.<\/p>\n<p class=\"s4\">Sie k\u00f6nnen dar\u00fcber hinaus die Erfassung der durch das Cookie erzeugten und auf Ihre Nutzung der Website bezogenen Datenan Google sowie die Verarbeitung dieser Daten durch Google verhindern, indem sie das unter dem Linkhttp:\/\/tools.google.com\/dlpage\/gaoptout?hl=de verf\u00fcgbare Browser-Plugin herunterladen und installieren. N\u00e4here Informationen hierzu finden Sie unter http:\/\/www.google.com\/intl\/de\/analytics\/privacyoverview.html (allgemeine Informationen zu Google Analytics und Datenschutz).<\/p>\n<p class=\"s4\">Wir weisen Sie darauf hin, dass auf dieser Webseite Google Analytics um den Code \u201ega(\u2019set\u2018, \u201aanonymizeIp\u2018, true);\u201c erweitert wurde, um eine anonymisierte Erfassung von IP-Adressen (sog. IP-Masking) zu gew\u00e4hrleisten.<\/p>\n<div class=\"s7\"><strong><span class=\"s5\">5. <\/span><span class=\"s6\">Sicherheitsma\u00dfnahmen<\/span><\/strong><\/div>\n<p class=\"s4\">Wir setzen technische und organisatorische Sicherheitsma\u00dfnahmen ein, um personenbezogene Daten zu sch\u00fctzen, insb. gegen zuf\u00e4llige oder vors\u00e4tzliche Manipulation, Verlust, Zerst\u00f6rung oder gegen den Zugriff unberechtigter Personen. Unsere Sicherheitsma\u00dfnahmen werden entsprechend der technologischen Entwicklung fortlaufend verbessert. Wir weisen darauf hin, dass es bei der \u00dcbermittlung von Daten im Internet trotz aller Sicherheitsma\u00dfnahmen dazu kommen kann, dass Dritte diese Daten zur Kenntnis nehmen oder verf\u00e4lschen.<\/p>\n<div class=\"s7\"><strong><span class=\"s5\">6. <\/span><span class=\"s6\">Kontakt <\/span><\/strong><\/div>\n<p class=\"s4\">Sollten Sie Fragen und Anregungen zu dieser Datenschutzerkl\u00e4rung haben, wenden Sie sich bitte an die im Impressum angegebene Kontaktadresse.<\/p>\n<div class=\"s7\"><strong><span class=\"s5\">7. <\/span><span class=\"s6\">Aktualisierung unserer Datenschutzrichtlinien<\/span><\/strong><\/div>\n<p class=\"s4\">Die laufende technische Weiterentwicklung im Bereich der IT-Technologie und des Internets bedingt auch eine Anpassung der bestehenden Datenschutzerkl\u00e4rung. Wir behalten uns daher das Recht vor, Erg\u00e4nzungen oder \u00c4nderungen an der vorliegenden Datenschutzerkl\u00e4rung vorzunehmen.<\/p>\n<h2>===<\/h2>\n<h2><\/h2>\n<h2>Inhaltlich Verantwortlicher gem\u00e4\u00df \u00a7 6 MDStV:<\/h2>\n<p>Rolf Giese<\/p>\n<h2>===<\/h2>\n<h2>Haftungshinweis<\/h2>\n<p>Die Gilde Alfred Delp\u00a0ist bem\u00fcht, auf dieser Website stets richtige und aktuelle Informationen bereitzustellen und \u00e4ndert oder erg\u00e4nzt diese bei Bedarf laufend und ohne vorherige Ank\u00fcndigung. Dennoch kann die Gilde Alfred Delp\u00a0f\u00fcr Korrektheit, Aktualit\u00e4t und Vollst\u00e4ndigkeit keine Haftung \u00fcbernehmen. Dies gilt auch f\u00fcr alle Links die auf dieser Website direkt oder indirekt angeboten werden. Ferner haftet die Gilde Alfred Delp\u00a0nicht f\u00fcr direkte oder indirekte Sch\u00e4den, die auf Informationen zur\u00fcckgef\u00fchrt werden k\u00f6nnen, die auf diesen externen Websites stehen.<\/p>\n<p>Die Website der Gilde Alfred Delp\u00a0einschlie\u00dflich aller ihrer Teile wie Texte und Bilder ist urheberrechtlich gesch\u00fctzt. Jede Verwendung au\u00dferhalb der engen Grenzen des Urheberrechtsgesetzes ist ohne Zustimmung unzul\u00e4ssig. Eine entgeltliche Weitergabe der Inhalte der Website an Dritte ist nicht gestattet.<\/p>\n<h2>===<\/h2>\n<h2>Konzeption und Programmierung<\/h2>\n<p>Alexander Mauer<br \/>\nLessingstr. 56<br \/>\n44791 Bochum<br \/>\nTelefon: 0234 5306391<br \/>\neMail: <a href=\"mailto:alexander@mauer-bochum.de\">alexander@mauer-bochum.de<\/a><\/p>\n","protected":false},"excerpt":{"rendered":"<p>Impressum Gilde Alfred Delp Der Vorsitzende Rolf Giese Aloysiusstr. 2B 44795 Bochum rolfgi@web.de www.gilde-alfred-delp.de info@gilde-alfed-delp.de === Bankkonto Commerzbank AG Bochum (430 400 36) Kto.-Nr.: 2 139 194 00 IBAN: DE98 4304 0036 0213 9194 00 BIC: COBADEFFXXX \u00a0=== Datenschutzerkl\u00e4rung und &hellip; <a href=\"https:\/\/gilde-alfred-delp.de\/cms\/impressum-kontakt\/\">Weiterlesen <span class=\"meta-nav\">&rarr;<\/span><\/a><\/p>\n","protected":false},"author":1,"featured_media":0,"parent":0,"menu_order":5,"comment_status":"open","ping_status":"open","template":"showcase.php","meta":{"footnotes":""},"class_list":["post-22","page","type-page","status-publish","hentry"],"_links":{"self":[{"href":"https:\/\/gilde-alfred-delp.de\/cms\/wp-json\/wp\/v2\/pages\/22","targetHints":{"allow":["GET"]}}],"collection":[{"href":"https:\/\/gilde-alfred-delp.de\/cms\/wp-json\/wp\/v2\/pages"}],"about":[{"href":"https:\/\/gilde-alfred-delp.de\/cms\/wp-json\/wp\/v2\/types\/page"}],"author":[{"embeddable":true,"href":"https:\/\/gilde-alfred-delp.de\/cms\/wp-json\/wp\/v2\/users\/1"}],"replies":[{"embeddable":true,"href":"https:\/\/gilde-alfred-delp.de\/cms\/wp-json\/wp\/v2\/comments?post=22"}],"version-history":[{"count":23,"href":"https:\/\/gilde-alfred-delp.de\/cms\/wp-json\/wp\/v2\/pages\/22\/revisions"}],"predecessor-version":[{"id":1142,"href":"https:\/\/gilde-alfred-delp.de\/cms\/wp-json\/wp\/v2\/pages\/22\/revisions\/1142"}],"wp:attachment":[{"href":"https:\/\/gilde-alfred-delp.de\/cms\/wp-json\/wp\/v2\/media?parent=22"}],"curies":[{"name":"wp","href":"https:\/\/api.w.org\/{rel}","templated":true}]}}