{"id":219,"date":"2012-11-15T18:32:07","date_gmt":"2012-11-15T16:32:07","guid":{"rendered":"http:\/\/gilde-alfred-delp.de\/cms\/?page_id=219"},"modified":"2013-03-04T13:17:51","modified_gmt":"2013-03-04T12:17:51","slug":"zysterzienser-kloster-bochum-stiepel","status":"publish","type":"page","link":"https:\/\/gilde-alfred-delp.de\/cms\/beispiel-seite\/cartellversammlung-2013\/orte-2\/zysterzienser-kloster-bochum-stiepel\/","title":{"rendered":"Zisterzienser-Kloster Bochum-Stiepel"},"content":{"rendered":"<p style=\"text-align: justify;\"><strong>Zisterzienserkloster Bochum-Stiepel<\/strong><\/p>\n<p style=\"text-align: justify;\">Das Kloster Stiepel, ein Kloster der Zisterzienser im Bochumer Stadtteil Stiepel, wurde 1988 gegr\u00fcndet und ist ein Priorat. Es ist somit nur teilweise selbst\u00e4ndig und untersteht dem Abt von Stift Heiligenkreuz, einer Zisterzienserabtei in \u00d6sterreich. <a href=\"\/\/upload.wikimedia.org\/wikipedia\/commons\/e\/e0\/Bochum_Kloster_080203_010_00.jpg\"><img loading=\"lazy\" decoding=\"async\" class=\"alignright\" style=\"border: 0px currentColor;\" alt=\"Datei:Bochum Kloster 080203 010 00.jpg\" src=\"\/\/upload.wikimedia.org\/wikipedia\/commons\/thumb\/e\/e0\/Bochum_Kloster_080203_010_00.jpg\/800px-Bochum_Kloster_080203_010_00.jpg\" width=\"335\" height=\"324\" \/><\/a>Die Gr\u00fcndung des Klosters geht auf den ersten Bischof des Ruhrbistums, Franz Hengsbach zur\u00fcck. Die Klosterkirche ist zugleich Marienwallfahrtsort (mit dem Gnadenbild der \u201eSchmerzhaften Mutter von Stiepel\u201c), der von den M\u00f6nchen betreut wird, ebenso wie die \u00f6rtliche Mariengemeinde, die zu den \u00e4ltesten Kirchengemeinde-Gr\u00fcndungen des Ruhrgebietes geh\u00f6rt. Am lateinischen Stundengebet des Konventes und den Messen in der Kirche kann man teilnehmen. Die Geb\u00e4udefl\u00fcgel sind um den Wallfahrtshof U-f\u00f6rmig angeordnet, der sich mit einem Au\u00dfenaltar nach Westen in die Landschaft hin \u00f6ffnet. Die M\u00f6nchszellen befinden sich im Dachgeschoss; ihre Lage ist jeweils an der zugeh\u00f6rigen Dachgaube erkennbar. Dem Kloster ist eine verpachtete Gastst\u00e4tte (\u201eKlosterhof\u201c) angegliedert.<\/p>\n<p><a href=\"http:\/\/www.kloster-stiepel.org\/\">http:\/\/www.kloster-stiepel.org\/<\/a><\/p>\n","protected":false},"excerpt":{"rendered":"<p>Zisterzienserkloster Bochum-Stiepel Das Kloster Stiepel, ein Kloster der Zisterzienser im Bochumer Stadtteil Stiepel, wurde 1988 gegr\u00fcndet und ist ein Priorat. Es ist somit nur teilweise selbst\u00e4ndig und untersteht dem Abt von Stift Heiligenkreuz, einer Zisterzienserabtei in \u00d6sterreich. Die Gr\u00fcndung des &hellip; <a href=\"https:\/\/gilde-alfred-delp.de\/cms\/beispiel-seite\/cartellversammlung-2013\/orte-2\/zysterzienser-kloster-bochum-stiepel\/\">Weiterlesen <span class=\"meta-nav\">&rarr;<\/span><\/a><\/p>\n","protected":false},"author":1,"featured_media":0,"parent":211,"menu_order":2,"comment_status":"open","ping_status":"open","template":"showcase.php","meta":{"footnotes":""},"class_list":["post-219","page","type-page","status-publish","hentry"],"_links":{"self":[{"href":"https:\/\/gilde-alfred-delp.de\/cms\/wp-json\/wp\/v2\/pages\/219","targetHints":{"allow":["GET"]}}],"collection":[{"href":"https:\/\/gilde-alfred-delp.de\/cms\/wp-json\/wp\/v2\/pages"}],"about":[{"href":"https:\/\/gilde-alfred-delp.de\/cms\/wp-json\/wp\/v2\/types\/page"}],"author":[{"embeddable":true,"href":"https:\/\/gilde-alfred-delp.de\/cms\/wp-json\/wp\/v2\/users\/1"}],"replies":[{"embeddable":true,"href":"https:\/\/gilde-alfred-delp.de\/cms\/wp-json\/wp\/v2\/comments?post=219"}],"version-history":[{"count":9,"href":"https:\/\/gilde-alfred-delp.de\/cms\/wp-json\/wp\/v2\/pages\/219\/revisions"}],"predecessor-version":[{"id":684,"href":"https:\/\/gilde-alfred-delp.de\/cms\/wp-json\/wp\/v2\/pages\/219\/revisions\/684"}],"up":[{"embeddable":true,"href":"https:\/\/gilde-alfred-delp.de\/cms\/wp-json\/wp\/v2\/pages\/211"}],"wp:attachment":[{"href":"https:\/\/gilde-alfred-delp.de\/cms\/wp-json\/wp\/v2\/media?parent=219"}],"curies":[{"name":"wp","href":"https:\/\/api.w.org\/{rel}","templated":true}]}}