{"id":186,"date":"2012-11-15T17:53:19","date_gmt":"2012-11-15T15:53:19","guid":{"rendered":"http:\/\/gilde-alfred-delp.de\/cms\/?page_id=186"},"modified":"2012-11-15T17:53:19","modified_gmt":"2012-11-15T15:53:19","slug":"ramada-2","status":"publish","type":"page","link":"https:\/\/gilde-alfred-delp.de\/cms\/beispiel-seite\/cartellversammlung-2013\/hotels\/ramada-2\/","title":{"rendered":"Ramada"},"content":{"rendered":"<p>Stadionring 22, 44791 Bochum<\/p>\n<p><a href=\"http:\/\/gilde-alfred-delp.de\/cms\/wp-content\/uploads\/2012\/11\/aussenansicht_ramada_hotel_bochum.jpg\"><img loading=\"lazy\" decoding=\"async\" title=\"aussenansicht_ramada_hotel_bochum\" src=\"http:\/\/gilde-alfred-delp.de\/cms\/wp-content\/uploads\/2012\/11\/aussenansicht_ramada_hotel_bochum.jpg\" alt=\"\" width=\"600\" height=\"400\" \/><\/a><a href=\"http:\/\/www.ramada.de\/hotels\/ramada-hotel-bochum\/willkommen.html\">http:\/\/www.ramada.de\/hotels\/ramada-hotel-bochum\/willkommen.html<\/a><\/p>\n<p>\u00dcbernachtung im Einzelzimmer inclusive Fr\u00fchst\u00fcck:<br \/>\n90,&#8211; \u20ac<br \/>\n\u00dcbernachtung im Doppelzimmer inclusive Fr\u00fchst\u00fcck:<br \/>\n105,&#8211; \u20ac<br \/>\nStichwort: Gilde Cartellversammlung<\/p>\n<p>Kontingent: 30 Einzel-\/Doppelzimmer<\/p>\n<p>Reservierungsfrist: 13. M\u00e4rz 2013<\/p>\n<p>&#8211; Selbstzahler<br \/>\n&#8211; Die angegebenen Raten k\u00f6nnen vom Hotel mit einer Vorank\u00fcndigungszeit von 3<br \/>\n\u00a0 Monaten zum Anreisetag ge\u00e4ndert werden!<br \/>\n&#8211; Die Zimmer stehen je nach Hotel ab 14 oder 16 Uhr am Anreisetag zur Verf\u00fcgung<br \/>\n&#8211; Am Abreisetag sind die Zimmer bis 12 Uhr zu r\u00e4umen<\/p>\n","protected":false},"excerpt":{"rendered":"<p>Stadionring 22, 44791 Bochum http:\/\/www.ramada.de\/hotels\/ramada-hotel-bochum\/willkommen.html \u00dcbernachtung im Einzelzimmer inclusive Fr\u00fchst\u00fcck: 90,&#8211; \u20ac \u00dcbernachtung im Doppelzimmer inclusive Fr\u00fchst\u00fcck: 105,&#8211; \u20ac Stichwort: Gilde Cartellversammlung Kontingent: 30 Einzel-\/Doppelzimmer Reservierungsfrist: 13. M\u00e4rz 2013 &#8211; Selbstzahler &#8211; Die angegebenen Raten k\u00f6nnen vom Hotel mit einer &hellip; <a href=\"https:\/\/gilde-alfred-delp.de\/cms\/beispiel-seite\/cartellversammlung-2013\/hotels\/ramada-2\/\">Weiterlesen <span class=\"meta-nav\">&rarr;<\/span><\/a><\/p>\n","protected":false},"author":1,"featured_media":0,"parent":79,"menu_order":3,"comment_status":"open","ping_status":"open","template":"showcase.php","meta":{"footnotes":""},"class_list":["post-186","page","type-page","status-publish","hentry"],"_links":{"self":[{"href":"https:\/\/gilde-alfred-delp.de\/cms\/wp-json\/wp\/v2\/pages\/186","targetHints":{"allow":["GET"]}}],"collection":[{"href":"https:\/\/gilde-alfred-delp.de\/cms\/wp-json\/wp\/v2\/pages"}],"about":[{"href":"https:\/\/gilde-alfred-delp.de\/cms\/wp-json\/wp\/v2\/types\/page"}],"author":[{"embeddable":true,"href":"https:\/\/gilde-alfred-delp.de\/cms\/wp-json\/wp\/v2\/users\/1"}],"replies":[{"embeddable":true,"href":"https:\/\/gilde-alfred-delp.de\/cms\/wp-json\/wp\/v2\/comments?post=186"}],"version-history":[{"count":2,"href":"https:\/\/gilde-alfred-delp.de\/cms\/wp-json\/wp\/v2\/pages\/186\/revisions"}],"predecessor-version":[{"id":193,"href":"https:\/\/gilde-alfred-delp.de\/cms\/wp-json\/wp\/v2\/pages\/186\/revisions\/193"}],"up":[{"embeddable":true,"href":"https:\/\/gilde-alfred-delp.de\/cms\/wp-json\/wp\/v2\/pages\/79"}],"wp:attachment":[{"href":"https:\/\/gilde-alfred-delp.de\/cms\/wp-json\/wp\/v2\/media?parent=186"}],"curies":[{"name":"wp","href":"https:\/\/api.w.org\/{rel}","templated":true}]}}